dred thousands digit of 972344?
9
What is the hundreds digit of 2648975?
9
What is the ten thousands digit of 2505719?
0
What is the millions digit of 1300745?
1
What is the thousands digit of 969294?
9
What is the hundred thousands digit of 3974714?
9
What is the units digit of 309204?
4
What is the millions digit of 2398892?
2
What is the hundred thousands digit of 28684131?
6
What is the tens digit of 3408529?
2
What is the hundred thousands digit of 325704?
3
What is the ten thousands digit of 616191?
1
What is the units digit of 243578?
8
What is the ten thousands digit of 8362907?
6
What is the tens digit of 676832?
3
What is the units digit of 948483?
3
What is the thousands digit of 19943927?
3
What is the thousands digit of 330141?
0
What is the hundreds digit of 1247102?
1
What is the thousands digit of 95757?
5
What is the tens digit of 25345?
4
What is the thousands digit of 2518881?
8
What is the millions digit of 15019425?
5
What is the hundred thousands digit of 13584746?
5
What is the millions digit of 7684968?
7
What is the millions digit of 1168765?
1
What is the ten thousands digit of 638162?
3
What is the units digit of 530382?
2
What is the tens digit of 445078?
7
What is the ten thousands digit of 144411?
4
What is the ten thousands digit of 7538917?
3
What is the hundreds digit of 2621448?
4
What is the thousands digit of 799682?
9
What is the tens digit of 10615400?
0
What is the thousands digit of 764337?
4
What is the thousands digit of 5009899?
9
What is the hundreds digit of 582151?
1
What is the tens digit of 110856?
5
What is the ten thousands digit of 6596180?
9
What is the hundred thousands digit of 155126?
1
What is the thousands digit of 5216627?
6
What is the tens digit of 9600635?
3
What is the ten thousands digit of 249068?
4
What is the ten thousands digit of 1354752?
5
What is the hundred thousands digit of 261589?
2
What is the units digit of 302619?
9
What is the ten thousands digit of 5463156?
6
What is the tens digit of 15034726?
2
What is the ten thousands digit of 73374?
7
What is the tens digit of 2387114?
1
What is the hundred thousands digit of 278932?
2
What is the millions digit of 11759776?
1
What is the units digit of 220380?
0
What is the ten thousands digit of 188260?
8
What is the hundreds digit of 330116?
1
What is the millions digit of 13748546?
3
What is the hundred thousands digit of 678977?
6
What is the units digit of 159394?
4
What is the hundreds digit of 1061935?
9
What is the hundred thousands digit of 344788?
3
What is the units digit of 121319?
9
What is the thousands digit of 342761?
2
What is the tens digit of 12448668?
6
What is the hundred thousands digit of 2063131?
0
What is the tens digit of 2574255?
5
What is the hundred thousands digit of 12179049?
1
What is the hundred thousands digit of 7329388?
3
What is the hundred thousands digit of 18878441?
8
What is the hundreds digit of 12396642?
6
What is the millions digit of 14916997?
4
What is the tens digit of 1189718?
1
What is the tens digit of 80850?
5
What is the hundred thousands digit of 234045?
2
What is the ten millions digit of 11477837?
1
What is the hundred thousands digit of 3688892?
6
What is the millions digit of 3502567?
3
What is the tens digit of 108299?
9
What is the thousands digit of 1987382?
7
What is the hundreds digit of 640393?
3
What is the ten thousands digit of 29289137?
8
What is the hundreds digit of 713699?
6
What is the hundred thousands digit of 1407085?
4
What is the hundred thousands digit of 491239?
4
What is the ten thousands digit of 16556279?
5
What is the hundred thousands digit of 360494?
3
What is the tens digit of 76298?
9
What is the hundred thousands digit of 3458229?
4
What is the tens digit of 108776?
7
What is the tens digit of 127280?
8
What is the ten thousands digit of 1063153?
6
What is the hundred thousands digit of 3483193?
4
What is the millions digit of 13299599?
3
What is the units digit of 2118755?
5
What is the units digit of 6002981?
1
What is the hundred thousands digit of 2547301?
5
What is the thousands digit of 459167?
9
What is the units digit of 340763?
3
What is the ten thousands digit of 725262?
2
What is the units digit of 1119172?
2
What is the tens digit of 16520662?
6
What is the ten thousands digit of 166182?
6
What is the thousands digit of 314891?
4
What is the thousands digit of 92888?
2
What is the hundreds digit of 3624020?
0
What is the hundreds digit of 35914?
9
What is the tens digit of 479484?
8
What is the millions digit of 9147004?
9
What is the tens digit of 180186?
8
What is the hundreds digit of 8253892?
8
What is the hundred thousands digit of 16155080?
1
What is the ten millions digit of 45030420?
4
What is the tens digit of 783261?
6
What is the millions digit of 11875703?
1
What is the hundred thousands digit of 23367971?
3
What is the hundreds digit of 82010?
0
What is the thousands digit of 2109856?
9
What is the hundreds digit of 25661957?
9
What is the units digit of 1473126?
6
What is the units digit of 9211162?
2
What is the ten thousands digit of 90981?
9
What is the millions digit of 3746767?
3
What is the ten thousands digit of 104112?
0
What is the hundred thousands digit of 23790021?
7
What is the units digit of 1560961?
1
What is the hundred thousands digit of 254783?
2
What is the thousands digit of 2194?
2
What is the hundred thousands digit of 348860?
3
What is the tens digit of 37650?
5
What is the ten thousands digit of 3222626?
2
What is the hundred thousands digit of 283124?
2
What is the ten thousands digit of 177495?
7
What is the units digit of 206733?
3
What is the ten thousands digit of 113259?
1
What is the ten thousands digit of 380390?
8
What is the units digit of 3439292?
2
What is the units digit of 201472?
2
What is the hundreds digit of 2357630?
6
What is the thousands digit of 354531?
4
What is the thousands digit of 57457?
7
What is the hundred thousands digit of 12202459?
2
What is the units digit of 26690882?
2
What is the hundred thousands digit of 467769?
4
What is the ten millions digit of 25246136?
2
What is the tens digit of 14461368?
6
What is the thousands digit of 6233979?
3
What is the thousands digit of 3467794?
7
What is the units digit of 338962?
2
What is the ten thousands digit of 2823001?
2
What is the millions digit of 33535290?
3
What is the hundred thousands digit of 176084?
1
What is the units digit of 883922?
2
What is the ten thousands digit of 10064028?
6
What is the units digit of 1538193?
3
What is the millions digit of 2822292?
2
What is the hundred thousands digit of 21196172?
1
What is the thousands digit of 120332?
0
What is the thousands digit of 35167400?
7
What is the thousands digit of 240194?
0
What is the units digit of 42348?
8
What is the thousands digit of 415031?
5
What is the millions digit of 3901104?
3
What is the hundreds digit of 2790654?
6
What is the millions digit of 4255108?
4
What is the hundred thousands digit of 288752?
2
What is the tens digit of 105525?
2
What is the hundred thousands digit of 4152543?
1
What is the hundreds digit of 627126?
1
What is the hundreds digit of 2147444?
4
What is the tens digit of 879960?
6
What is the hundreds digit of 32171?
1
What is the units digit of 14964628?
8
What is the tens digit of 414658?
5
What is the hundreds digit of 7911429?
4
What is the tens digit of 16871259?
5
What is the hundreds digit of 1378447?
4
What is the ten thousands digit of 2426176?
2
What is the thousands digit of 546839?
6
What is the tens digit of 7090427?
2
What is the ten thousands digit of 3728686?
2
What is the tens digit of 38731110?
1
What is the hundreds digit of 2892777?
7
What is the thousands digit of 6623001?
3
What is the tens digit of 275745?
4
What is the tens digit of 116094?
9
What is the ten thousands digit of 3844184?
4
What is the hundreds digit of 200119?
1
What is the tens digit of 5874672?
7
What is the tens digit of 356032?
3
What is the ten thousands digit of 828543?
2
What is the thousands digit of 216078?
6
What is the hundreds digit of 4651624?
6
What is the thousands digit of 137737?
7
What is the tens digit of 12703601?
0
What is the hundreds digit of 11548042?
0
What is the hundred thousands digit of 1